e factors of (2 + -2930)/((-11)/(-11)*-1).
2, 3, 61
Let a(c) = -c**3 + 16*c**2 + 43*c - 20. Let y(x) = -x**3 - 15*x**2 - 3*x - 27. Let j be y(-15). List the prime factors of a(j).
2, 53
Let o(u) be the third derivative of 13*u**5/30 - u**3/6 - 33*u**2. List the prime factors of o(-2).
103
Suppose -191 = -6*r + 199. Suppose 69*y - r*y - 2004 = 0. List the prime factors of y.
3, 167
Let y = 152 - 112. Suppose 12*z - y = 4*z. Suppose -12 - 423 = -z*d. List the prime factors of d.
3, 29
Let b(h) = -3785*h**3 - h**2 - 1. List the prime factors of b(-1).
3, 13, 97
Suppose 3*u - 14632 = -26*y + 25*y, 5*u = 2*y + 24372. What are the prime factors of u?
2, 23, 53
Let o = 67 + -611. Let z = o + 990. What are the prime factors of z?
2, 223
Suppose -3*u - 564 = -11*q + 13*q, 0 = 5*q. Let o = u - -1078. List the prime factors of o.
2, 5, 89
Let i(y) = -7*y - 38. Suppose -5*r + 7 = -6*r. Let j be i(r). Suppose -162 = -j*g + 9*g. List the prime factors of g.
3
Let f be (23/2)/(-2*(-1)/880). Suppose 17*c - 27*c = -f. What are the prime factors of c?
2, 11, 23
List the prime factors of 6 + (-576)/88 + 712026/154.
3, 23, 67
Let d(p) = -26*p + 130. Let y be d(5). Suppose -2*l - 5*f + 32 = -l, -l + 2*f + 32 = y. List the prime factors of l.
2
Let y(b) = -8*b - 40. Let w be y(-5). Suppose -10 = -2*u, w*u - 20 = -3*d - 4*u. Suppose 20 = n + 5*g, -n + g = -2 - d. List the prime factors of n.
5
Let a be (-65)/4 + 1/4. Let s = 254 + a. List the prime factors of s.
2, 7, 17
Suppose -87*c = -131806 - 907757. List the prime factors of c.
3, 7, 569
Let t = 22979 - 5757. What are the prime factors of t?
2, 79, 109
Let d = 14480 + 8402. List the prime factors of d.
2, 17, 673
Suppose -183*d + 101*d = -124230. What are the prime factors of d?
3, 5, 101
Suppose 1850*r - 1854*r - t = -92397, -4*r + 92415 = -5*t. List the prime factors of r.
2, 3, 5, 7, 11
Let a = -76 + 260. Suppose -2*s = 3*w - a, 2*s = s - 5*w + 106. List the prime factors of s.
2, 43
Let y(g) = -g**2 + 25*g + 87. Let o be y(28). Suppose 3*m + m - 3668 = -4*b, o*b - 3*m - 2775 = 0. List the prime factors of b.
3, 307
Let r = 8 - -5. Suppose -6*o = 67 - r. Let f(n) = n**2 - 5*n + 19. What are the prime factors of f(o)?
5, 29
Let d = -70 - -1053. Let t = d + -170. List the prime factors of t.
3, 271
Let v be 2167 + (-2 + -7)*(-1)/(-3). Let t = v + -949. Suppose 14*p = 1697 + t. List the prime factors of p.
2, 13
Let f = 36 - 31. Suppose -f*a + 4*c - 40 = -a, -5*c = -a - 2. List the prime factors of ((-8)/a - 1)*-246.
2, 41
Suppose 20 = -4*z, 0 = -r + 2*z + 2717 + 3140. Suppose 5*d - 3481 = -3*f, -6*f = -f - 3*d - r. What are the prime factors of f?
3, 389
Suppose 0 = a + 3*s - 9008, 2*s + 5 - 7 = 0. What are the prime factors of a?
5, 1801
Suppose -4*t + 12 = p + 2*p, -2*t - 3*p = -12. Suppose 0 = m - t*m - 116. Suppose -12*x = -8*x - m. What are the prime factors of x?
29
Let w(l) = -8*l**3 + 32*l**2 - 46*l + 18. What are the prime factors of w(-11)?
2, 3761
Let x(b) = 2*b**3 + 27*b**2 - b - 16. Let l be x(-13). Let c = l - 50. What are the prime factors of c?
2, 29
Let a = 13 - 10. Suppose 5*f + z = -9, 5*f = -2*z - 5 - a. List the prime factors of -2*(195/f + -4).
7, 29
Suppose -2*u + 5*w - 6532 = -31312, -u + 2*w = -12391. What are the prime factors of u?
5, 37, 67
Suppose -5*o + 61999 = -3*h, 913*o - 2*h - 62001 = 908*o. List the prime factors of o.
12401
Suppose -12*o - 924 = -1188. Let d(p) = -11*p + 1. Let q be d(-3). Let b = q - o. List the prime factors of b.
2, 3
Let f(l) = -l + 15. Let a be f(13). Suppose a*w - 2*b + 3 + 1 = 0, 2*b = -2*w - 8. Let u(h) = 11*h**2 + 5*h + 6. List the prime factors of u(w).
2, 3, 5
Suppose 94 = 16*b - 978. Suppose 17*a - 18*a = -b. What are the prime factors of a?
67
List the prime factors of ((-7)/(-14) - 16298/(-12))*44043/1108.
53, 1019
Suppose -13*a + 67317 = 3994. What are the prime factors of a?
4871
Suppose 926*p - 931*p + 73005 = 0. What are the prime factors of p?
3, 31, 157
Suppose c + 12 = 4*z, 0*c = -3*c - 3*z + 24. Suppose c*h - 2*r + 5*r = -271, -r = -4*h - 283. What are the prime factors of (84/(-49))/(4/h)?
2, 3, 5
Suppose 4*p = -5*d + 41, -2*p - 4 + 38 = 4*d. Suppose 51 = d*f - 120. What are the prime factors of 9/15*5 + f?
2, 11
Let k be 2 - (-282)/(-42) - 2/7. Let u be -2 - (0 + 10/k). Suppose -6*c + 9*c - 504 = u. List the prime factors of c.
2, 3, 7
Let t(h) = -h**2 + 25*h - 66. Let j be t(22). What are the prime factors of (-132 + 39)/((-2)/10 + j)?
3, 5, 31
Suppose -3*k - 2*t = -13806, -k - 2*t + 9204 = k. Suppose -11*c + 1144 = -10*c - 4*m, -4*c + 3*m = -k. What are the prime factors of c?
2, 3
Suppose 2*i + 1 = -3*c + 8, 2*i - 13 = 3*c. Suppose 3*p + 976 = 4*u, 7*p = i*u + 2*p - 1220. What are the prime factors of u?
2, 61
Let h be 4/3*111/2. Suppose -73*u = -h*u + 5. Suppose 2*t - 5*g - 265 = -76, -u*g = 5*t - 420. What are the prime factors of t?
3, 29
Suppose 13950 = 2*x - 3*s, -83*x + 7*s = -84*x + 6958. What are the prime factors of x?
2, 3, 7, 83
Let r = 30 - 13. Suppose -3078 = -r*o + 781. What are the prime factors of o?
227
Let h(n) = -2 + 12*n + 42*n**3 - 19*n - n**2 + 7*n. Let t be h(2). Suppose 294 + t = 8*q. What are the prime factors of q?
2, 3, 13
Let r(d) = 14*d**2 + 660*d - 72. What are the prime factors of r(-56)?
2, 859
Let o(p) = p**2 + 5*p - 46. Let c be o(5). Let l(q) = -3*q - 4*q**3 + 6*q**2 - q**2 + 3*q**3. List the prime factors of l(c).
2
Let w be 0*(3 - 35/10). Suppose 3*n - 1513 = -q, 0*n + 5*n + 4*q - 2517 = w. What are the prime factors of n?
5, 101
Suppose 189 = 5*y - 26. Suppose 4*m - 2695 = -51*m. Let x = m - y. What are the prime factors of x?
2, 3
Let z(f) = -15*f**3 - 32*f**2 - 49*f - 16. What are the prime factors of z(-9)?
2, 137
Suppose -4*w = -3*y + 15 - 1, y - w = 5. Let q(p) = p**3 - 4*p**2 - 12*p + 3. Let b be q(y). Suppose 36 = d + b. List the prime factors of d.
3, 11
Let r(m) = 3*m**3 + 16*m**2 + 2*m - 270. List the prime factors of r(12).
2, 3, 17, 71
Let o(b) = -4640*b**3 - 10*b**2 - 23*b - 15. List the prime factors of o(-1).
2, 3, 773
What are the prime factors of 3 + 9159 + -24 + 28?
2, 4583
Let t(z) = z**2 + 26*z + 22. Let r be t(-17). Let j = 310 + r. What are the prime factors of j?
179
Let i(p) = -31*p + 5. Let k be i(-4). Suppose 15*b - 14*b = 0. Suppose -2*u + 5*d = -k, b*d + 336 = 5*u + d. List the prime factors of u.
67
Let b = -5255 + 9232. Suppose 23*y - b = 278. List the prime factors of y.
5, 37
Suppose -56*o + 782643 + 926755 = -699834. List the prime factors of o.
2, 7, 439
Suppose -2*n - 34*v + 35330 = -29*v, 3*n - 52961 = v. What are the prime factors of n?
3, 5, 11, 107
Let d = 4343 + -1700. Let n = 4513 - d. What are the prime factors of n?
2, 5, 11, 17
What are the prime factors of 1 - 20/(-5) - 1628/(-1)?
23, 71
Let g be (-8)/(-108) - 60266/27. Let l = -1430 - g. What are the prime factors of l?
2, 401
Let m = -90 - -90. Let r(n) = 2*n**2 + 347. Let b be r(m). Let w = -202 + b. List the prime factors of w.
5, 29
Suppose -64*x = 19*x - 1019821. List the prime factors of x.
11, 1117
Suppose q + 3 = 2*l, 0 = 34*q - 37*q - 3*l + 9. What are the prime factors of 2 + q + (1896*3)/9?
5, 127
Let y(h) = 5*h**2 - 3*h + 17. Let a = 533 - 537. What are the prime factors of y(a)?
109
Let w(p) = 2*p + 10. Let u = -21 - -19. Let m be w(u). Suppose 5*b - 138 = -2*n + m*b, b - 264 = -4*n. List the prime factors of n.
67
Let l = -7334 - -13723. List the prime factors of l.
6389
Suppose -3*y + y = 5*w - 1026, 3*y = -6. Let l = -38 + w. What are the prime factors of l?
2, 3, 7
Let r(l) = 9*l - 2*l - 39 + 14*l + 57. What are the prime factors of r(16)?
2, 3, 59
Let h(s) = -2*s**3 + 33*s**2 - 13*s - 5. Let o be h(15). Suppose -1884 = -4*w - 4*l, -w + o = 2*l - 0*l. What are the prime factors of w?
467
Let n(g) = -12*g - 7. Let o(h) = -3*h - 2. Let v(d) = 6*n(d) - 26*o(d). Let a be (((-12)/(-18))/1)/(4/78). What are the prime factors of v(a)?
2, 11
Let m(o) = 314*o**2 - 271*o + 2460. What are the prime factors of m(9)?
3, 5, 1697
List the prime factors of ((-1)/(-5) - (-35964)/30)/((-42)/(-294)).
7, 11, 109
Let d = 80 + -54. Suppose 0 = -d*s + 28*s - 490. What are the prime factors of s?
5, 7
Let d(r) = 23*r + 14 + 0 + 28*r**2 + r**2. Let l(a) = 10*a**2 + 8*a + 5. Let y(x) = 6*d(x) - 17*l(x).